{"id":1253,"date":"2019-08-23T07:19:00","date_gmt":"2019-08-23T07:19:00","guid":{"rendered":"http:\/\/dev2.wpopal.com\/fundor\/?page_id=1253"},"modified":"2024-06-14T19:18:14","modified_gmt":"2024-06-14T19:18:14","slug":"about-project","status":"publish","type":"page","link":"https:\/\/pointsofconnection.prismsmalta.com\/fr\/about-project\/","title":{"rendered":"A propos du projet"},"content":{"rendered":"<div data-elementor-type=\"wp-post\" data-elementor-id=\"1253\" class=\"elementor elementor-1253\">\n\t\t\t\t\t\t<section class=\"elementor-section elementor-top-section elementor-element elementor-element-2589f6c elementor-section-stretched elementor-section-boxed elementor-section-height-default elementor-section-height-default\" data-id=\"2589f6c\" data-element_type=\"section\" data-e-type=\"section\" data-settings=\"{&quot;stretch_section&quot;:&quot;section-stretched&quot;,&quot;background_background&quot;:&quot;classic&quot;}\">\n\t\t\t\t\t\t<div class=\"elementor-container elementor-column-gap-no\">\n\t\t\t\t\t<div class=\"elementor-column elementor-col-100 elementor-top-column elementor-element elementor-element-3f5f185\" data-id=\"3f5f185\" data-element_type=\"column\" data-e-type=\"column\">\n\t\t\t<div class=\"elementor-widget-wrap elementor-element-populated\">\n\t\t\t\t\t\t<div class=\"elementor-element elementor-element-4aa685b elementor-align-center elementor-widget elementor-widget-heading\" data-id=\"4aa685b\" data-element_type=\"widget\" data-e-type=\"widget\" data-widget_type=\"heading.default\">\n\t\t\t\t<div class=\"elementor-widget-container\">\n\t\t\t\t\t<h2 class=\"elementor-heading-title elementor-size-default\">L\u2019objectif principal de \u00ab Points of Connection \u00bb est de promouvoir l\u2019inclusion des jeunes autistes au sein de nos communaut\u00e9s. <\/h2>\t\t\t\t<\/div>\n\t\t\t\t<\/div>\n\t\t\t\t<div class=\"elementor-element elementor-element-7c604b8 elementor-widget__width-initial elementor-widget-mobile__width-initial elementor-widget elementor-widget-text-editor\" data-id=\"7c604b8\" data-element_type=\"widget\" data-e-type=\"widget\" data-widget_type=\"text-editor.default\">\n\t\t\t\t<div class=\"elementor-widget-container\">\n\t\t\t\t\t        <div class=\"elementor-text-editor elementor-clearfix\"><p>Les moyens mis en \u0153uvre pour atteindre cet objectif sont :<\/p><p>1. cr\u00e9er une mesure en ligne inclusive de la qualit\u00e9 de vie et collecter les donn\u00e9es sur la qualit\u00e9 de vie des jeunes autistes dans diff\u00e9rents pays ;<br \/>2. contribuer \u00e0 rendre les services et les secteurs publics\/priv\u00e9s plus accessibles aux personnes autistes dans les diff\u00e9rents pays impliqu\u00e9s dans le projet ;<br \/>3. Trouver des points de connexion en explorant les diff\u00e9rentes plateformes des jeunes autistes et de leurs pairs neurotypiques.<\/p><p>Le projet a r\u00e9uni un groupe de jeunes autistes issus de cinq pays partenaires qui ont collabor\u00e9 avec l'\u00e9quipe de gestion pendant toute la dur\u00e9e du projet.<\/p><\/div>\n        \t\t\t\t<\/div>\n\t\t\t\t<\/div>\n\t\t\t\t<div class=\"elementor-element elementor-element-f4e3cdc elementor-widget__width-initial elementor-widget-mobile__width-initial elementor-widget elementor-widget-text-editor\" data-id=\"f4e3cdc\" data-element_type=\"widget\" data-e-type=\"widget\" data-widget_type=\"text-editor.default\">\n\t\t\t\t<div class=\"elementor-widget-container\">\n\t\t\t\t\t        <div class=\"elementor-text-editor elementor-clearfix\"><p>\u00ab Points of Connection : Autism in the Community \u00bb est un projet financ\u00e9 par Erasmus +. Le coordinateur de projet, Prisms Malta, dirige le consortium dont font partie Fundacja Imago (Pologne), Autisme-Europe (Belgique), CRPD Malta (Malte), PLOES (Gr\u00e8ce), la Federacio Catalana d\u2019Autisme (Espagne) et l\u2019association Voz do Autista (Portugal).<\/p><\/div>\n        \t\t\t\t<\/div>\n\t\t\t\t<\/div>\n\t\t\t\t\t<\/div>\n\t\t<\/div>\n\t\t\t\t\t<\/div>\n\t\t<\/section>\n\t\t\t\t<section class=\"elementor-section elementor-top-section elementor-element elementor-element-ba5bcb9 elementor-section-stretched elementor-section-boxed elementor-section-height-default elementor-section-height-default\" data-id=\"ba5bcb9\" data-element_type=\"section\" data-e-type=\"section\" data-settings=\"{&quot;stretch_section&quot;:&quot;section-stretched&quot;}\">\n\t\t\t\t\t\t<div class=\"elementor-container elementor-column-gap-no\">\n\t\t\t\t\t<div class=\"elementor-column elementor-col-100 elementor-top-column elementor-element elementor-element-9ee64b9\" data-id=\"9ee64b9\" data-element_type=\"column\" data-e-type=\"column\" data-settings=\"{&quot;background_background&quot;:&quot;classic&quot;}\">\n\t\t\t<div class=\"elementor-widget-wrap elementor-element-populated\">\n\t\t\t\t\t\t<section class=\"elementor-section elementor-inner-section elementor-element elementor-element-5cdebcf elementor-section-height-min-height elementor-section-content-middle elementor-section-boxed elementor-section-height-default\" data-id=\"5cdebcf\" data-element_type=\"section\" data-e-type=\"section\">\n\t\t\t\t\t\t<div class=\"elementor-container elementor-column-gap-no\">\n\t\t\t\t\t<div class=\"elementor-column elementor-col-50 elementor-inner-column elementor-element elementor-element-383e2ff\" data-id=\"383e2ff\" data-element_type=\"column\" data-e-type=\"column\">\n\t\t\t<div class=\"elementor-widget-wrap elementor-element-populated\">\n\t\t\t\t\t\t<div class=\"elementor-element elementor-element-f981ed3 elementor-align-left elementor-tablet-align-center elementor-widget elementor-widget-heading\" data-id=\"f981ed3\" data-element_type=\"widget\" data-e-type=\"widget\" data-widget_type=\"heading.default\">\n\t\t\t\t<div class=\"elementor-widget-container\">\n\t\t\t\t\t<h2 class=\"elementor-heading-title elementor-size-default\">\u00ab Le plus important en communication, c\u2019est d\u2019entendre ce qui n\u2019est pas dit. \u00bb Peter Drucker\n<\/h2>\t\t\t\t<\/div>\n\t\t\t\t<\/div>\n\t\t\t\t\t<\/div>\n\t\t<\/div>\n\t\t\t\t<div class=\"elementor-column elementor-col-50 elementor-inner-column elementor-element elementor-element-03a8a18\" data-id=\"03a8a18\" data-element_type=\"column\" data-e-type=\"column\">\n\t\t\t<div class=\"elementor-widget-wrap elementor-element-populated\">\n\t\t\t\t\t\t<div class=\"elementor-element elementor-element-14b3a30 elementor-align-right elementor-tablet-align-center elementor-mobile-align-center elementor-widget-mobile__width-auto elementor-button-primary elementor-widget elementor-widget-button\" data-id=\"14b3a30\" data-element_type=\"widget\" data-e-type=\"widget\" data-widget_type=\"button.default\">\n\t\t\t\t<div class=\"elementor-widget-container\">\n\t\t\t\t\t        <div class=\"elementor-button-wrapper\">\n            <a href=\"https:\/\/pointsofconnection.prismsmalta.com\/fr\/contact-us\/\" class=\"elementor-button-link elementor-button elementor-size-lg\" role=\"button\">\n                        <span class=\"elementor-button-content-wrapper\">\n\t\t\t                <span class=\"elementor-button-icon elementor-align-icon-left\">\n\t\t\t\t<i class=\"fa fa-arrow-circle-o-right\" aria-hidden=\"true\"><\/i>\n\t\t\t<\/span>\n                        <span class=\"elementor-button-text\">Nous contacter<\/span>\n\t\t<\/span>\n\n\n                <\/a>\n        <\/div>\n        \t\t\t\t<\/div>\n\t\t\t\t<\/div>\n\t\t\t\t\t<\/div>\n\t\t<\/div>\n\t\t\t\t\t<\/div>\n\t\t<\/section>\n\t\t\t\t\t<\/div>\n\t\t<\/div>\n\t\t\t\t\t<\/div>\n\t\t<\/section>\n\t\t\t\t<\/div>\n\t\t<div class=\"gsp_post_data\" \r\n\t            data-post_type=\"page\" \r\n\t            data-cat=\"\" \r\n\t            data-modified=\"120\"\r\n\t            data-created=\"1566544740\"\r\n\t            data-title=\"About the Project\" \r\n\t            data-home=\"https:\/\/pointsofconnection.prismsmalta.com\/fr\"><\/div>","protected":false},"excerpt":{"rendered":"<p>The main objective of \u2018Points of Connection\u2019 is to foster better inclusion of autistic young people in our communities. This is done through: 1. Creation of an online Quality of Life inclusive measure and gathering of data on the Quality of Life of autistic young people in different countries.2. Supporting in making services and public\/private [&hellip;]<\/p>\n","protected":false},"author":1,"featured_media":0,"parent":0,"menu_order":0,"comment_status":"closed","ping_status":"closed","template":"page-elementor.php","meta":{"give_campaign_id":0,"inline_featured_image":false,"_monsterinsights_skip_tracking":false,"_monsterinsights_sitenote_active":false,"_monsterinsights_sitenote_note":"","_monsterinsights_sitenote_category":0,"footnotes":""},"class_list":["post-1253","page","type-page","status-publish","hentry"],"campaignId":"","_links":{"self":[{"href":"https:\/\/pointsofconnection.prismsmalta.com\/fr\/wp-json\/wp\/v2\/pages\/1253","targetHints":{"allow":["GET"]}}],"collection":[{"href":"https:\/\/pointsofconnection.prismsmalta.com\/fr\/wp-json\/wp\/v2\/pages"}],"about":[{"href":"https:\/\/pointsofconnection.prismsmalta.com\/fr\/wp-json\/wp\/v2\/types\/page"}],"author":[{"embeddable":true,"href":"https:\/\/pointsofconnection.prismsmalta.com\/fr\/wp-json\/wp\/v2\/users\/1"}],"replies":[{"embeddable":true,"href":"https:\/\/pointsofconnection.prismsmalta.com\/fr\/wp-json\/wp\/v2\/comments?post=1253"}],"version-history":[{"count":43,"href":"https:\/\/pointsofconnection.prismsmalta.com\/fr\/wp-json\/wp\/v2\/pages\/1253\/revisions"}],"predecessor-version":[{"id":9347,"href":"https:\/\/pointsofconnection.prismsmalta.com\/fr\/wp-json\/wp\/v2\/pages\/1253\/revisions\/9347"}],"wp:attachment":[{"href":"https:\/\/pointsofconnection.prismsmalta.com\/fr\/wp-json\/wp\/v2\/media?parent=1253"}],"curies":[{"name":"wp","href":"https:\/\/api.w.org\/{rel}","templated":true}]}}

<div data-elementor-type="wp-post" data-elementor-id="1253" class="elementor elementor-1253">
						<section class="elementor-section elementor-top-section elementor-element elementor-element-2589f6c elementor-section-stretched elementor-section-boxed elementor-section-height-default elementor-section-height-default" data-id="2589f6c" data-element_type="section" data-e-type="section" data-settings="{&quot;stretch_section&quot;:&quot;section-stretched&quot;,&quot;background_background&quot;:&quot;classic&quot;}">
						<div class="elementor-container elementor-column-gap-no">
					<div class="elementor-column elementor-col-100 elementor-top-column elementor-element elementor-element-3f5f185" data-id="3f5f185" data-element_type="column" data-e-type="column">
			<div class="elementor-widget-wrap elementor-element-populated">
						<div class="elementor-element elementor-element-4aa685b elementor-align-center elementor-widget elementor-widget-heading" data-id="4aa685b" data-element_type="widget" data-e-type="widget" data-widget_type="heading.default">
				<div class="elementor-widget-container">
					<h2 class="elementor-heading-title elementor-size-default">L’objectif principal de « Points of Connection » est de promouvoir l’inclusion des jeunes autistes au sein de nos communautés. </h2>				</div>
				</div>
				<div class="elementor-element elementor-element-7c604b8 elementor-widget__width-initial elementor-widget-mobile__width-initial elementor-widget elementor-widget-text-editor" data-id="7c604b8" data-element_type="widget" data-e-type="widget" data-widget_type="text-editor.default">
				<div class="elementor-widget-container">
					        <div class="elementor-text-editor elementor-clearfix"><p>Les moyens mis en œuvre pour atteindre cet objectif sont :</p><p>1. créer une mesure en ligne inclusive de la qualité de vie et collecter les données sur la qualité de vie des jeunes autistes dans différents pays ;<br />2. contribuer à rendre les services et les secteurs publics/privés plus accessibles aux personnes autistes dans les différents pays impliqués dans le projet ;<br />3. Trouver des points de connexion en explorant les différentes plateformes des jeunes autistes et de leurs pairs neurotypiques.</p><p>Le projet a réuni un groupe de jeunes autistes issus de cinq pays partenaires qui ont collaboré avec l'équipe de gestion pendant toute la durée du projet.</p></div>
        				</div>
				</div>
				<div class="elementor-element elementor-element-f4e3cdc elementor-widget__width-initial elementor-widget-mobile__width-initial elementor-widget elementor-widget-text-editor" data-id="f4e3cdc" data-element_type="widget" data-e-type="widget" data-widget_type="text-editor.default">
				<div class="elementor-widget-container">
					        <div class="elementor-text-editor elementor-clearfix"><p>« Points of Connection : Autism in the Community » est un projet financé par Erasmus +. Le coordinateur de projet, Prisms Malta, dirige le consortium dont font partie Fundacja Imago (Pologne), Autisme-Europe (Belgique), CRPD Malta (Malte), PLOES (Grèce), la Federacio Catalana d’Autisme (Espagne) et l’association Voz do Autista (Portugal).</p></div>
        				</div>
				</div>
					</div>
		</div>
					</div>
		</section>
				<section class="elementor-section elementor-top-section elementor-element elementor-element-ba5bcb9 elementor-section-stretched elementor-section-boxed elementor-section-height-default elementor-section-height-default" data-id="ba5bcb9" data-element_type="section" data-e-type="section" data-settings="{&quot;stretch_section&quot;:&quot;section-stretched&quot;}">
						<div class="elementor-container elementor-column-gap-no">
					<div class="elementor-column elementor-col-100 elementor-top-column elementor-element elementor-element-9ee64b9" data-id="9ee64b9" data-element_type="column" data-e-type="column" data-settings="{&quot;background_background&quot;:&quot;classic&quot;}">
			<div class="elementor-widget-wrap elementor-element-populated">
						<section class="elementor-section elementor-inner-section elementor-element elementor-element-5cdebcf elementor-section-height-min-height elementor-section-content-middle elementor-section-boxed elementor-section-height-default" data-id="5cdebcf" data-element_type="section" data-e-type="section">
						<div class="elementor-container elementor-column-gap-no">
					<div class="elementor-column elementor-col-50 elementor-inner-column elementor-element elementor-element-383e2ff" data-id="383e2ff" data-element_type="column" data-e-type="column">
			<div class="elementor-widget-wrap elementor-element-populated">
						<div class="elementor-element elementor-element-f981ed3 elementor-align-left elementor-tablet-align-center elementor-widget elementor-widget-heading" data-id="f981ed3" data-element_type="widget" data-e-type="widget" data-widget_type="heading.default">
				<div class="elementor-widget-container">
					<h2 class="elementor-heading-title elementor-size-default">« Le plus important en communication, c’est d’entendre ce qui n’est pas dit. » Peter Drucker
</h2>				</div>
				</div>
					</div>
		</div>
				<div class="elementor-column elementor-col-50 elementor-inner-column elementor-element elementor-element-03a8a18" data-id="03a8a18" data-element_type="column" data-e-type="column">
			<div class="elementor-widget-wrap elementor-element-populated">
						<div class="elementor-element elementor-element-14b3a30 elementor-align-right elementor-tablet-align-center elementor-mobile-align-center elementor-widget-mobile__width-auto elementor-button-primary elementor-widget elementor-widget-button" data-id="14b3a30" data-element_type="widget" data-e-type="widget" data-widget_type="button.default">
				<div class="elementor-widget-container">
					        <div class="elementor-button-wrapper">
            <a href="https://pointsofconnection.prismsmalta.com/fr/contact-us/" class="elementor-button-link elementor-button elementor-size-lg" role="button">
                        <span class="elementor-button-content-wrapper">
			                <span class="elementor-button-icon elementor-align-icon-left">
				<i class="fa fa-arrow-circle-o-right" aria-hidden="true"></i>
			</span>
                        <span class="elementor-button-text">Nous contacter</span>
		</span>


                </a>
        </div>
        				</div>
				</div>
					</div>
		</div>
					</div>
		</section>
					</div>
		</div>
					</div>
		</section>
				</div>
		<div class="gsp_post_data" 
	            data-post_type="page" 
	            data-cat="" 
	            data-modified="120"
	            data-created="1566544740"
	            data-title="About the Project" 
	            data-home="https://pointsofconnection.prismsmalta.com/fr"></div>
