{"id":9183,"date":"2024-05-01T15:41:49","date_gmt":"2024-05-01T15:41:49","guid":{"rendered":"https:\/\/pointsofconnection.prismsmalta.com\/partner-prisms-copy\/"},"modified":"2024-06-16T12:57:31","modified_gmt":"2024-06-16T12:57:31","slug":"partner-federacio-catalana","status":"publish","type":"page","link":"https:\/\/pointsofconnection.prismsmalta.com\/es\/partner-federacio-catalana\/","title":{"rendered":"Federaci\u00f3 Catalana d\u2019Autisme"},"content":{"rendered":"<div data-elementor-type=\"wp-post\" data-elementor-id=\"9183\" class=\"elementor elementor-9183\">\n\t\t\t\t\t\t<section class=\"elementor-section elementor-top-section elementor-element elementor-element-2589f6c elementor-section-stretched elementor-section-boxed elementor-section-height-default elementor-section-height-default\" data-id=\"2589f6c\" data-element_type=\"section\" data-e-type=\"section\" data-settings=\"{&quot;stretch_section&quot;:&quot;section-stretched&quot;,&quot;background_background&quot;:&quot;classic&quot;}\">\n\t\t\t\t\t\t<div class=\"elementor-container elementor-column-gap-no\">\n\t\t\t\t\t<div class=\"elementor-column elementor-col-100 elementor-top-column elementor-element elementor-element-3f5f185\" data-id=\"3f5f185\" data-element_type=\"column\" data-e-type=\"column\">\n\t\t\t<div class=\"elementor-widget-wrap elementor-element-populated\">\n\t\t\t\t\t\t<div class=\"elementor-element elementor-element-4aa685b elementor-align-center elementor-widget elementor-widget-heading\" data-id=\"4aa685b\" data-element_type=\"widget\" data-e-type=\"widget\" data-widget_type=\"heading.default\">\n\t\t\t\t<div class=\"elementor-widget-container\">\n\t\t\t\t\t<h2 class=\"elementor-heading-title elementor-size-default\">COLABORADOR<\/h2>\t\t\t\t<\/div>\n\t\t\t\t<\/div>\n\t\t\t\t<div class=\"elementor-element elementor-element-7c604b8 elementor-widget__width-initial elementor-widget-mobile__width-initial elementor-widget elementor-widget-text-editor\" data-id=\"7c604b8\" data-element_type=\"widget\" data-e-type=\"widget\" data-widget_type=\"text-editor.default\">\n\t\t\t\t<div class=\"elementor-widget-container\">\n\t\t\t\t\t        <div class=\"elementor-text-editor elementor-clearfix\"><p>La Federaci\u00f3n Catalana de Autismo naci\u00f3 en 2009 para defender los derechos de las personas autistas y sus familias. Los objetivos de la Federaci\u00f3n es empoderar, formar y apoyar a las entidades creadas por y para las personas autistas y sus familias, en todo lo que necesiten; representar la comunidad y hacer incidencia pol\u00edtica y social y visibilizar y crear sinergias con la sociedad para garantizar el cumplimiento de los derechos de las personas con autismo.<br \/>\u00a0<br \/>La Federaci\u00f3n persigue defender la diversidad social dentro de un marco de igualdad de derecho. El autismo es una condici\u00f3n transversal que ocupa todas las \u00e1rea de la vida de la persona. Nuestra acci\u00f3n se focaliza en la creaci\u00f3n y consolidaci\u00f3n de espacios participativos en al comunidad con todos los sectores: escuelas, ciudades, cultura, trabajo, educaci\u00f3n postobligatoria, entornos sanitarios, justicia, g\u00e9nere, naturaleza, ocio, etc.<br \/>\u00a0<br \/>La Federaci\u00f3n se ha convertido, en los \u00faltimos a\u00f1os, en la entidad representante de un gran n\u00famero de asociaciones de personas autistas y sus familias y en interlocutora con la administraci\u00f3n en diferentes espacios y proyectos. Actualmente la Federaci\u00f3n representa 44 entidades de toda Catalu\u00f1a a quienes ofrece servicios como representaci\u00f3n institucional, apoyo legal, apoyo en proyectos locales, regionales y nacionales, asesoramiento en asistencia personal y comunicaci\u00f3n.<\/p><\/div>\n        \t\t\t\t<\/div>\n\t\t\t\t<\/div>\n\t\t\t\t\t<\/div>\n\t\t<\/div>\n\t\t\t\t\t<\/div>\n\t\t<\/section>\n\t\t<div class=\"elementor-element elementor-element-1aeb54f e-grid e-con-boxed e-con e-parent\" data-id=\"1aeb54f\" data-element_type=\"container\" data-e-type=\"container\">\n\t\t\t\t\t<div class=\"e-con-inner\">\n\t\t\t\t<div class=\"elementor-element elementor-element-71661ce elementor-widget elementor-widget-image\" data-id=\"71661ce\" data-element_type=\"widget\" data-e-type=\"widget\" data-widget_type=\"image.default\">\n\t\t\t\t<div class=\"elementor-widget-container\">\n\t\t\t\t\t\t\t\t\t\t\t\t\t\t\t<img decoding=\"async\" width=\"300\" height=\"153\" src=\"https:\/\/pointsofconnection.prismsmalta.com\/wp-content\/uploads\/2024\/05\/logo_FCA_2021-2L-vert-300x153.png\" class=\"attachment-medium size-medium wp-image-9298\" alt=\"Federacia Catalana Logo\" srcset=\"https:\/\/pointsofconnection.prismsmalta.com\/wp-content\/uploads\/2024\/05\/logo_FCA_2021-2L-vert-300x153.png 300w, https:\/\/pointsofconnection.prismsmalta.com\/wp-content\/uploads\/2024\/05\/logo_FCA_2021-2L-vert-18x9.png 18w, https:\/\/pointsofconnection.prismsmalta.com\/wp-content\/uploads\/2024\/05\/logo_FCA_2021-2L-vert-400x204.png 400w, https:\/\/pointsofconnection.prismsmalta.com\/wp-content\/uploads\/2024\/05\/logo_FCA_2021-2L-vert.png 429w\" sizes=\"(max-width: 300px) 100vw, 300px\" \/>\t\t\t\t\t\t\t\t\t\t\t\t\t\t\t<\/div>\n\t\t\t\t<\/div>\n\t\t\t\t<div class=\"elementor-element elementor-element-e093b86 elementor-widget elementor-widget-image\" data-id=\"e093b86\" data-element_type=\"widget\" data-e-type=\"widget\" data-widget_type=\"image.default\">\n\t\t\t\t<div class=\"elementor-widget-container\">\n\t\t\t\t\t\t\t\t\t\t\t\t\t\t\t<img fetchpriority=\"high\" decoding=\"async\" width=\"850\" height=\"580\" src=\"https:\/\/pointsofconnection.prismsmalta.com\/wp-content\/uploads\/2024\/05\/WhatsApp-Image-2024-05-02-at-15.08.48-3-850x580.jpeg\" class=\"attachment-gainlove-featured-image-large size-gainlove-featured-image-large wp-image-9299\" alt=\"Federacia Catalana Photo\" \/>\t\t\t\t\t\t\t\t\t\t\t\t\t\t\t<\/div>\n\t\t\t\t<\/div>\n\t\t\t\t\t<\/div>\n\t\t\t\t<\/div>\n\t\t\t\t<section class=\"elementor-section elementor-top-section elementor-element elementor-element-ba5bcb9 elementor-section-stretched elementor-section-boxed elementor-section-height-default elementor-section-height-default\" data-id=\"ba5bcb9\" data-element_type=\"section\" data-e-type=\"section\" data-settings=\"{&quot;stretch_section&quot;:&quot;section-stretched&quot;}\">\n\t\t\t\t\t\t<div class=\"elementor-container elementor-column-gap-no\">\n\t\t\t\t\t<div class=\"elementor-column elementor-col-100 elementor-top-column elementor-element elementor-element-9ee64b9\" data-id=\"9ee64b9\" data-element_type=\"column\" data-e-type=\"column\" data-settings=\"{&quot;background_background&quot;:&quot;classic&quot;}\">\n\t\t\t<div class=\"elementor-widget-wrap elementor-element-populated\">\n\t\t\t\t\t\t<section class=\"elementor-section elementor-inner-section elementor-element elementor-element-5cdebcf elementor-section-height-min-height elementor-section-content-middle elementor-section-boxed elementor-section-height-default\" data-id=\"5cdebcf\" data-element_type=\"section\" data-e-type=\"section\">\n\t\t\t\t\t\t<div class=\"elementor-container elementor-column-gap-no\">\n\t\t\t\t\t<div class=\"elementor-column elementor-col-50 elementor-inner-column elementor-element elementor-element-383e2ff\" data-id=\"383e2ff\" data-element_type=\"column\" data-e-type=\"column\">\n\t\t\t<div class=\"elementor-widget-wrap elementor-element-populated\">\n\t\t\t\t\t\t<div class=\"elementor-element elementor-element-f981ed3 elementor-align-left elementor-tablet-align-center elementor-widget elementor-widget-heading\" data-id=\"f981ed3\" data-element_type=\"widget\" data-e-type=\"widget\" data-widget_type=\"heading.default\">\n\t\t\t\t<div class=\"elementor-widget-container\">\n\t\t\t\t\t<h2 class=\"elementor-heading-title elementor-size-default\">\u201cLo m\u00e1s importante en comunicaci\u00f3n es escuchar lo que no se dice.\u201d Peter Drucker\n<\/h2>\t\t\t\t<\/div>\n\t\t\t\t<\/div>\n\t\t\t\t\t<\/div>\n\t\t<\/div>\n\t\t\t\t<div class=\"elementor-column elementor-col-50 elementor-inner-column elementor-element elementor-element-03a8a18\" data-id=\"03a8a18\" data-element_type=\"column\" data-e-type=\"column\">\n\t\t\t<div class=\"elementor-widget-wrap elementor-element-populated\">\n\t\t\t\t\t\t<div class=\"elementor-element elementor-element-14b3a30 elementor-align-right elementor-tablet-align-center elementor-mobile-align-center elementor-widget-mobile__width-auto elementor-button-primary elementor-widget elementor-widget-button\" data-id=\"14b3a30\" data-element_type=\"widget\" data-e-type=\"widget\" data-widget_type=\"button.default\">\n\t\t\t\t<div class=\"elementor-widget-container\">\n\t\t\t\t\t        <div class=\"elementor-button-wrapper\">\n            <a href=\"https:\/\/pointsofconnection.prismsmalta.com\/es\/contact-us\/\" class=\"elementor-button-link elementor-button elementor-size-lg\" role=\"button\">\n                        <span class=\"elementor-button-content-wrapper\">\n\t\t\t                <span class=\"elementor-button-icon elementor-align-icon-left\">\n\t\t\t\t<i class=\"fa fa-arrow-circle-o-right\" aria-hidden=\"true\"><\/i>\n\t\t\t<\/span>\n                        <span class=\"elementor-button-text\">Contacto<\/span>\n\t\t<\/span>\n\n\n                <\/a>\n        <\/div>\n        \t\t\t\t<\/div>\n\t\t\t\t<\/div>\n\t\t\t\t\t<\/div>\n\t\t<\/div>\n\t\t\t\t\t<\/div>\n\t\t<\/section>\n\t\t\t\t\t<\/div>\n\t\t<\/div>\n\t\t\t\t\t<\/div>\n\t\t<\/section>\n\t\t\t\t<\/div>\n\t\t<div class=\"gsp_post_data\" \r\n\t            data-post_type=\"page\" \r\n\t            data-cat=\"\" \r\n\t            data-modified=\"120\"\r\n\t            data-created=\"1714578109\"\r\n\t            data-title=\"Federaci\u00f3 Catalana d\u2019Autisme\" \r\n\t            data-home=\"https:\/\/pointsofconnection.prismsmalta.com\/es\"><\/div>","protected":false},"excerpt":{"rendered":"<p>PARTNER The Catalan Federation of Autism (Federaci\u00f3 Catalana d\u2019Autisme) was born in 2009 to defend the rights of people with autism and their families. The goal of the Federation is to empower, train and support entities created by and for autistic people and their families in everything they need; represent the community in the political [&hellip;]<\/p>\n","protected":false},"author":1,"featured_media":0,"parent":0,"menu_order":0,"comment_status":"closed","ping_status":"closed","template":"page-elementor.php","meta":{"give_campaign_id":0,"inline_featured_image":false,"_monsterinsights_skip_tracking":false,"_monsterinsights_sitenote_active":false,"_monsterinsights_sitenote_note":"","_monsterinsights_sitenote_category":0,"footnotes":""},"class_list":["post-9183","page","type-page","status-publish","hentry"],"campaignId":"","_links":{"self":[{"href":"https:\/\/pointsofconnection.prismsmalta.com\/es\/wp-json\/wp\/v2\/pages\/9183","targetHints":{"allow":["GET"]}}],"collection":[{"href":"https:\/\/pointsofconnection.prismsmalta.com\/es\/wp-json\/wp\/v2\/pages"}],"about":[{"href":"https:\/\/pointsofconnection.prismsmalta.com\/es\/wp-json\/wp\/v2\/types\/page"}],"author":[{"embeddable":true,"href":"https:\/\/pointsofconnection.prismsmalta.com\/es\/wp-json\/wp\/v2\/users\/1"}],"replies":[{"embeddable":true,"href":"https:\/\/pointsofconnection.prismsmalta.com\/es\/wp-json\/wp\/v2\/comments?post=9183"}],"version-history":[{"count":16,"href":"https:\/\/pointsofconnection.prismsmalta.com\/es\/wp-json\/wp\/v2\/pages\/9183\/revisions"}],"predecessor-version":[{"id":9362,"href":"https:\/\/pointsofconnection.prismsmalta.com\/es\/wp-json\/wp\/v2\/pages\/9183\/revisions\/9362"}],"wp:attachment":[{"href":"https:\/\/pointsofconnection.prismsmalta.com\/es\/wp-json\/wp\/v2\/media?parent=9183"}],"curies":[{"name":"wp","href":"https:\/\/api.w.org\/{rel}","templated":true}]}}

Federació Catalana d’Autisme

<div data-elementor-type="wp-post" data-elementor-id="9183" class="elementor elementor-9183">
						<section class="elementor-section elementor-top-section elementor-element elementor-element-2589f6c elementor-section-stretched elementor-section-boxed elementor-section-height-default elementor-section-height-default" data-id="2589f6c" data-element_type="section" data-e-type="section" data-settings="{&quot;stretch_section&quot;:&quot;section-stretched&quot;,&quot;background_background&quot;:&quot;classic&quot;}">
						<div class="elementor-container elementor-column-gap-no">
					<div class="elementor-column elementor-col-100 elementor-top-column elementor-element elementor-element-3f5f185" data-id="3f5f185" data-element_type="column" data-e-type="column">
			<div class="elementor-widget-wrap elementor-element-populated">
						<div class="elementor-element elementor-element-4aa685b elementor-align-center elementor-widget elementor-widget-heading" data-id="4aa685b" data-element_type="widget" data-e-type="widget" data-widget_type="heading.default">
				<div class="elementor-widget-container">
					<h2 class="elementor-heading-title elementor-size-default">COLABORADOR</h2>				</div>
				</div>
				<div class="elementor-element elementor-element-7c604b8 elementor-widget__width-initial elementor-widget-mobile__width-initial elementor-widget elementor-widget-text-editor" data-id="7c604b8" data-element_type="widget" data-e-type="widget" data-widget_type="text-editor.default">
				<div class="elementor-widget-container">
					        <div class="elementor-text-editor elementor-clearfix"><p>La Federación Catalana de Autismo nació en 2009 para defender los derechos de las personas autistas y sus familias. Los objetivos de la Federación es empoderar, formar y apoyar a las entidades creadas por y para las personas autistas y sus familias, en todo lo que necesiten; representar la comunidad y hacer incidencia política y social y visibilizar y crear sinergias con la sociedad para garantizar el cumplimiento de los derechos de las personas con autismo.<br /> <br />La Federación persigue defender la diversidad social dentro de un marco de igualdad de derecho. El autismo es una condición transversal que ocupa todas las área de la vida de la persona. Nuestra acción se focaliza en la creación y consolidación de espacios participativos en al comunidad con todos los sectores: escuelas, ciudades, cultura, trabajo, educación postobligatoria, entornos sanitarios, justicia, génere, naturaleza, ocio, etc.<br /> <br />La Federación se ha convertido, en los últimos años, en la entidad representante de un gran número de asociaciones de personas autistas y sus familias y en interlocutora con la administración en diferentes espacios y proyectos. Actualmente la Federación representa 44 entidades de toda Cataluña a quienes ofrece servicios como representación institucional, apoyo legal, apoyo en proyectos locales, regionales y nacionales, asesoramiento en asistencia personal y comunicación.</p></div>
        				</div>
				</div>
					</div>
		</div>
					</div>
		</section>
		<div class="elementor-element elementor-element-1aeb54f e-grid e-con-boxed e-con e-parent" data-id="1aeb54f" data-element_type="container" data-e-type="container">
					<div class="e-con-inner">
				<div class="elementor-element elementor-element-71661ce elementor-widget elementor-widget-image" data-id="71661ce" data-element_type="widget" data-e-type="widget" data-widget_type="image.default">
				<div class="elementor-widget-container">
															<img decoding="async" width="300" height="153" src="https://pointsofconnection.prismsmalta.com/wp-content/uploads/2024/05/logo_FCA_2021-2L-vert-300x153.png" class="attachment-medium size-medium wp-image-9298" alt="Federacia Catalana Logo" srcset="https://pointsofconnection.prismsmalta.com/wp-content/uploads/2024/05/logo_FCA_2021-2L-vert-300x153.png 300w, https://pointsofconnection.prismsmalta.com/wp-content/uploads/2024/05/logo_FCA_2021-2L-vert-18x9.png 18w, https://pointsofconnection.prismsmalta.com/wp-content/uploads/2024/05/logo_FCA_2021-2L-vert-400x204.png 400w, https://pointsofconnection.prismsmalta.com/wp-content/uploads/2024/05/logo_FCA_2021-2L-vert.png 429w" sizes="(max-width: 300px) 100vw, 300px" />															</div>
				</div>
				<div class="elementor-element elementor-element-e093b86 elementor-widget elementor-widget-image" data-id="e093b86" data-element_type="widget" data-e-type="widget" data-widget_type="image.default">
				<div class="elementor-widget-container">
															<img fetchpriority="high" decoding="async" width="850" height="580" src="https://pointsofconnection.prismsmalta.com/wp-content/uploads/2024/05/WhatsApp-Image-2024-05-02-at-15.08.48-3-850x580.jpeg" class="attachment-gainlove-featured-image-large size-gainlove-featured-image-large wp-image-9299" alt="Federacia Catalana Photo" />															</div>
				</div>
					</div>
				</div>
				<section class="elementor-section elementor-top-section elementor-element elementor-element-ba5bcb9 elementor-section-stretched elementor-section-boxed elementor-section-height-default elementor-section-height-default" data-id="ba5bcb9" data-element_type="section" data-e-type="section" data-settings="{&quot;stretch_section&quot;:&quot;section-stretched&quot;}">
						<div class="elementor-container elementor-column-gap-no">
					<div class="elementor-column elementor-col-100 elementor-top-column elementor-element elementor-element-9ee64b9" data-id="9ee64b9" data-element_type="column" data-e-type="column" data-settings="{&quot;background_background&quot;:&quot;classic&quot;}">
			<div class="elementor-widget-wrap elementor-element-populated">
						<section class="elementor-section elementor-inner-section elementor-element elementor-element-5cdebcf elementor-section-height-min-height elementor-section-content-middle elementor-section-boxed elementor-section-height-default" data-id="5cdebcf" data-element_type="section" data-e-type="section">
						<div class="elementor-container elementor-column-gap-no">
					<div class="elementor-column elementor-col-50 elementor-inner-column elementor-element elementor-element-383e2ff" data-id="383e2ff" data-element_type="column" data-e-type="column">
			<div class="elementor-widget-wrap elementor-element-populated">
						<div class="elementor-element elementor-element-f981ed3 elementor-align-left elementor-tablet-align-center elementor-widget elementor-widget-heading" data-id="f981ed3" data-element_type="widget" data-e-type="widget" data-widget_type="heading.default">
				<div class="elementor-widget-container">
					<h2 class="elementor-heading-title elementor-size-default">“Lo más importante en comunicación es escuchar lo que no se dice.” Peter Drucker
</h2>				</div>
				</div>
					</div>
		</div>
				<div class="elementor-column elementor-col-50 elementor-inner-column elementor-element elementor-element-03a8a18" data-id="03a8a18" data-element_type="column" data-e-type="column">
			<div class="elementor-widget-wrap elementor-element-populated">
						<div class="elementor-element elementor-element-14b3a30 elementor-align-right elementor-tablet-align-center elementor-mobile-align-center elementor-widget-mobile__width-auto elementor-button-primary elementor-widget elementor-widget-button" data-id="14b3a30" data-element_type="widget" data-e-type="widget" data-widget_type="button.default">
				<div class="elementor-widget-container">
					        <div class="elementor-button-wrapper">
            <a href="https://pointsofconnection.prismsmalta.com/es/contact-us/" class="elementor-button-link elementor-button elementor-size-lg" role="button">
                        <span class="elementor-button-content-wrapper">
			                <span class="elementor-button-icon elementor-align-icon-left">
				<i class="fa fa-arrow-circle-o-right" aria-hidden="true"></i>
			</span>
                        <span class="elementor-button-text">Contacto</span>
		</span>


                </a>
        </div>
        				</div>
				</div>
					</div>
		</div>
					</div>
		</section>
					</div>
		</div>
					</div>
		</section>
				</div>
		<div class="gsp_post_data" 
	            data-post_type="page" 
	            data-cat="" 
	            data-modified="120"
	            data-created="1714578109"
	            data-title="Federació Catalana d’Autisme" 
	            data-home="https://pointsofconnection.prismsmalta.com/es"></div>

<p>PARTNER The Catalan Federation of Autism (Federació Catalana d’Autisme) was born in 2009 to defend the rights of people with autism and their families. The goal of the Federation is to empower, train and support entities created by and for autistic people and their families in everything they need; represent the community in the political [&hellip;]</p>
